composite?
False
Is 34353901 composite?
False
Is 19431157 composite?
False
Is 20021821 a composite number?
False
Is 18335379 a prime number?
False
Is 1504202285 a composite number?
True
Is 469596499 a prime number?
True
Is 4192121 composite?
False
Is 387403771 prime?
True
Is 8818419 prime?
False
Is 1100747 a composite number?
False
Is 53020987 a composite number?
True
Is 1485721 prime?
True
Is 52521107 a prime number?
True
Is 321363689 a prime number?
True
Is 11784007 prime?
True
Is 13898011 prime?
False
Is 7714495 composite?
True
Is 1623319 a prime number?
True
Is 1563827 a prime number?
False
Is 445481 a composite number?
True
Is 36835763 composite?
False
Is 4605241 prime?
True
Is 21776351 prime?
True
Is 1920499 prime?
False
Is 87290477 prime?
False
Is 82366667 a composite number?
True
Is 1063877 composite?
True
Is 37051271 composite?
False
Is 44966813 composite?
True
Is 85211879 a composite number?
True
Is 413911 a composite number?
False
Is 233477 composite?
False
Is 20685793 composite?
True
Is 10808319 a prime number?
False
Is 247090697 a prime number?
False
Is 4544663 a prime number?
True
Is 6891823 a prime number?
True
Is 234079355 a prime number?
False
Is 4319671 a composite number?
False
Is 578719 composite?
False
Is 129343 a composite number?
True
Is 1658638 a prime number?
False
Is 188670319 a composite number?
False
Is 15558079 prime?
True
Is 286073 composite?
False
Is 101457779 composite?
True
Is 3388169 a composite number?
False
Is 1748921 prime?
False
Is 118258843 a prime number?
True
Is 19945511 composite?
False
Is 9996409 prime?
False
Is 867109 a composite number?
True
Is 985357 a prime number?
False
Is 3614813 a prime number?
True
Is 57998953 prime?
True
Is 29055107 a composite number?
False
Is 215536889 a prime number?
True
Is 299939 composite?
True
Is 59317 a prime number?
False
Is 22935791 prime?
True
Is 48165223 a prime number?
True
Is 2192821 a prime number?
True
Is 63468751 a prime number?
True
Is 2759599 composite?
False
Is 29858714 a prime number?
False
Is 267598817 composite?
True
Is 1172503 a prime number?
True
Is 657791 composite?
True
Is 2858054 prime?
False
Is 489567515 composite?
True
Is 52263571 composite?
False
Is 7720589 a prime number?
True
Is 20838599 a prime number?
True
Is 1077889 prime?
False
Is 465989 a prime number?
True
Is 162980663 a prime number?
False
Is 1060581 a prime number?
False
Is 194767681 a prime number?
True
Is 475155557 prime?
True
Is 1642549 a composite number?
False
Is 17919835 a composite number?
True
Is 318859 a prime number?
False
Is 398740177 composite?
True
Is 99321817 composite?
True
Is 7278209 composite?
False
Is 3673687 a composite number?
False
Is 4292893 composite?
True
Is 126886189 a prime number?
False
Is 152152759 a prime number?
False
Is 108389173 a prime number?
False
Is 319374785 composite?
True
Is 7913911 composite?
False
Is 1203179 prime?
True
Is 44580919 composite?
True
Is 54004285 a composite number?
True
Is 147503 prime?
True
Is 21722081 composite?
False
Is 81912373 a prime number?
False
Is 23630907 a prime number?
False
Is 2104589 a composite number?
True
Is 12623579 a composite number?
False
Is 3923797 composite?
True
Is 15727 a prime number?
True
Is 5509549 a composite number?
False
Is 130996277 composite?
True
Is 3730423 a composite number?
False
Is 174942373 prime?
False
Is 4900741 prime?
True
Is 451849 composite?
True
Is 33424823 a composite number?
False
Is 608351 composite?
True
Is 129289019 composite?
True
Is 1148437 a prime number?
True
Is 51590821 prime?
False
Is 3833909 composite?
False
Is 39887873 a composite number?
False
Is 574261 prime?
True
Is 10448401 a composite number?
False
Is 119353229 composite?
False
Is 1814233 prime?
True
Is 136861669 composite?
True
Is 397064321 a composite number?
True
Is 2900011 a composite number?
True
Is 481680877 a composite number?
False
Is 63890753 a prime number?
False
Is 23344499 prime?
True
Is 23678323 prime?
False
Is 12787657 prime?
False
Is 22402265 prime?
False
Is 1924777 composite?
True
Is 2099414 prime?
False
Is 115377781 composite?
True
Is 3369409 a composite number?
False
Is 1507651 prime?
True
Is 511348447 prime?
False
Is 153924811 prime?
True
Is 2245189 prime?
True
Is 25216385 prime?
False
Is 209241647 a prime number?
True
Is 12393793 a prime number?
False
Is 32029829 a composite number?
True
Is 4545859 a prime number?
True
Is 11238533 a prime number?
True
Is 89224307 a composite number?
True
Is 25941871 a composite number?
False
Is 328009 a composite number?
True
Is 12844009 a composite number?
True
Is 30730099 composite?
False
Is 17155253 prime?
False
Is 2156597 a composite number?
False
Is 13108897 a composite number?
False
Is 100722329 prime?
False
Is 89256269 a composite number?
False
Is 238636771 composite?
False
Is 7298963 a prime number?
False
Is 764012615 a composite number?
True
Is 2824553 prime?
True
Is 6769157 a composite number?
False
Is 11903069 prime?
True
Is 3229493 a prime number?
False
Is 266896901 composite?
False
Is 15377885 composite?
True
Is 118338679 composite?
True
Is 25285009 composite?
False
Is 150632347 prime?
True
Is 17337329 composite?
True
Is 1124551 prime?
True
Is 391694893 a composite number?
False
Is 6584701 a composite number?
False
Is 6582001 a prime number?
True
Is 28799707 prime?
False
Is 1007431 a prime number?
False
Is 38093443 a prime number?
False
Is 184609826 composite?
True
Is 595839263 a composite number?
False
Is 5472109 prime?
True
Is 28603217 prime?
True
Is 9787709 prime?
True
Is 946090247 composite?
False
Is 64501393 a prime number?
False
Is 63252751 prime?
True
Is 35518349 composite?
True
Is 609659 a prime number?
False
Is 55261307 prime?
True
Is 48391691 a composite number?
True
Is 835751495 composite?
True
Is 20492331 composite?
True
Is 175829663 prime?
True
Is 78583553 a prime number?
True
Is 12443633 composite?
False
Is 291040777 prime?
True
Is 6955993 prime?
False
Is 28421 prime?
False
Is 902315 prime?
False
Is 5539693 a prime number?
False
Is 80509019 a composite number?
True
Is 16091321 a prime number?
True
Is 1037662 prime?
False
Is 2130329 a composite number?
True
Is 16331 composite?
True
Is 33725777 a composite number?
False
Is 110286181 a prime number?
True
Is 3755009 a prime number?
False
Is 57267841 composite?
False
Is 87968033 a composite number?
False
Is 18153823 a composite number?
True
Is 19630907 prime?
False
Is 203698717 a composite number?
False
Is 153892961 composite?
False
Is 358699 a composite number?
True
Is 848611 a prime number?
True
Is 1386551 a prime number?
True
Is 10279267 composite?
False
Is 14946593 a composite number?
False
Is 182710427 composite?
False
Is 10480303 composite?
False
Is 326969 prime?
False
Is 1824601 a prime number?
True
Is 525491 a prime number?
True
Is 103304609 prime?
True
Is 519518399 a composite number?
False
Is 772843 prime?
True
Is 82786879 composite?
True
Is 13618223 a prime number?
False
Is 46236401 prime?
False
Is 4978843 composite?
True
Is 22149493 a composite number?
False
Is 2671121 prime?
True
Is 466318165 prime?
False
Is 1781699 a composite number?
False
Is 2798333 prime?
False
Is 816989 a composite number?
True
Is 52922017 prime?
True
Is 10194409 a composite number?
True
Is 17890441 a prime number?
False
Is 5557843 prime?
True
Is 273298 composite?
True
Is 101519569 a composite number?
False
Is 112581379 a composite number?
False
Is 35331757 prime?
True
Is 634793 a prime number?
True
Is 823692943 composite?
True
Is 2665951 a prime number?
False
Is 5983849 a composite number?
False
Is 114972503 prime?
False
Is 4312261 a composite number?
False
Is 3546233 prime?
True
Is 4419263 a prime number?
True
Is 36224261 composite?
False
Is 161861519 composite?
False
Is 128961449 composite?
False
Is 8543239 a prime number?
False
Is 14843821 a prime number?
True
Is 153251069 composite?
False
Is 22924463 composite?
False
Is 44745053 prime?
True
Is 37620491 a composite number?
True
Is 7203841 a composite number?
True
Is 164023647 a prime number?
False
Is 1195207 composite?
True
Is 4605197 a prime number?
True
Is 47847451 composite?
True
Is 10265903 composite?
True
Is 1059845 composite?
True
Is 44504245 prime?
False
Is 59702 composite?
True
Is 92192146 composite?
True
Is 2588723 prime?
True
Is 2708053 a pri